 + 112. Determine x(-62).
-12
Let o(j) = -j**3 + 28*j**2 + 3407*j - 156. What is o(74)?
66
Let p(u) = -1053*u - 72583. Determine p(-69).
74
Let b(m) = 925*m + 7301. Calculate b(-8).
-99
Let f(l) = 2*l**2 + 3280*l + 1150122. Give f(-508).
10
Let n(i) = -i**2 - 2029*i - 252815. Determine n(-133).
-647
Let k(r) = 4404*r + 105707. Determine k(-24).
11
Let j(x) = 94042*x + 4796152. Calculate j(-51).
10
Let y(s) = s**3 - 70*s**2 + 10125*s - 693870. Calculate y(69).
-6
Let l(v) = 901*v - 134242. Determine l(149).
7
Let w(a) = 22110*a + 5085305. Determine w(-230).
5
Let o(l) = l**3 - 46*l**2 - 102*l - 2312. What is o(49)?
-107
Let n(a) = a**3 + 72*a**2 + 1078*a + 7849. Calculate n(-55).
-16
Let c(b) = -2*b**2 + 5491*b - 32882. Determine c(6).
-8
Let b(x) = -109*x - 3553. Give b(-27).
-610
Let k(f) = f**2 + 24216*f + 1738361. Determine k(-72).
-7
Let d(r) = 2*r**3 + 16*r**2 - 36*r - 45. Determine d(-5).
285
Let k(p) = 1045*p - 59544. Give k(57).
21
Let d(k) = 2*k**2 - 1240*k - 280191. Determine d(796).
1
Let j(a) = 23*a + 4234. What is j(-204)?
-458
Let g(f) = 3*f**3 - 196*f**2 + 81*f - 1030. What is g(65)?
10
Let x(y) = 2*y**2 + 65*y - 1516. What is x(20)?
584
Let o(r) = 1523*r - 79152. Calculate o(52).
44
Let d(v) = -v**2 - 45139*v + 1129149. Calculate d(25).
49
Let k(l) = -141630*l - 7789642. Calculate k(-55).
8
Let o(m) = -2*m**3 - 68*m**2 + 91*m + 662. Give o(-35).
-73
Let o(q) = -q**3 - 390*q**2 + 42*q - 13. Calculate o(0).
-13
Let i(g) = -3*g**2 + 213*g - 2346. Give i(12).
-222
Let p(j) = 115189*j + 806318. Determine p(-7).
-5
Let r(q) = 232*q - 53176. Calculate r(231).
416
Let n(a) = 25*a**3 - 420*a**2 + 2108*a - 9. Calculate n(5).
3156
Let w(j) = -2*j**2 - 523*j + 21791. Give w(-298).
37
Let a(m) = 96*m**2 + 14881*m + 92. Calculate a(-155).
-63
Let s(t) = -9462*t + 9409. Calculate s(1).
-53
Let l(f) = -395348*f + 790668. Give l(2).
-28
Let q(j) = -j**3 - 214*j**2 - 104*j - 22111. What is q(-214)?
145
Let m(z) = -31*z - 692. Calculate m(-18).
-134
Let y(t) = 187*t**2 - 448*t - 449. Determine y(-1).
186
Let p(o) = o**2 - 3716*o + 66543. What is p(18)?
-21
Let x(g) = 74*g**3 - 273*g**2 - 108*g + 55. Calculate x(4).
-9
Let z(f) = -2*f**2 - 527*f - 21430. What is z(-213)?
83
Let i(s) = 124*s**2 - 15832*s - 21160. Calculate i(129).
-4
Let o(a) = 10614*a - 21233. What is o(2)?
-5
Let g(y) = -67*y**2 - 731*y + 78. Calculate g(-11).
12
Let z(q) = 78*q**3 + 144*q**2 + 73*q + 137. Calculate z(-2).
-57
Let b(z) = 3*z**2 + 290*z - 2860. What is b(-107)?
457
Let q(i) = 10*i**2 - 36*i - 3969. Give q(-18).
-81
Let b(c) = c**3 + 999*c**2 + 49248*c + 217. Give b(-52).
9
Let i(v) = 1019*v + 1538. Give i(0).
1538
Let z(b) = b**2 - 408*b - 12207. Give z(436).
1
Let o(g) = -g**3 + 869*g**2 - 7731*g - 7734. Give o(860).
6
Let k(a) = -5*a**2 + 336*a - 1651. Calculate k(5).
-96
Let f(h) = 49209*h - 49215. Calculate f(1).
-6
Let a(b) = -9*b**2 - 2157*b - 1435. What is a(-239)?
-1
Let u(m) = -31*m**3 - 872*m**2 - 124*m - 301. Give u(-28).
35
Let s(x) = 156973*x - 7. Calculate s(0).
-7
Let u(l) = l**2 - 171*l - 8858. Determine u(-41).
-166
Let p(l) = 2712*l - 23875. Give p(9).
533
Let x(n) = -21867*n - 327994. What is x(-15)?
11
Let t(x) = x**2 + 123*x + 2243. Give t(-25).
-207
Let b(w) = -251*w**2 - 1859*w + 60. Calculate b(-7).
774
Let s(k) = k**3 - 107*k**2 + 16*k - 14738. What is s(108)?
-1346
Let v(x) = 2*x**2 + 6083*x - 67171. What is v(11)?
-16
Let o(t) = -t**3 - 1463*t**2 - 5830*t + 5. Calculate o(-4).
-19
Let p(v) = -v**3 + 26*v**2 - 93*v - 924. Calculate p(15).
156
Let w(y) = 12*y**2 - 9450*y + 18903. Give w(2).
51
Let f(t) = 33*t + 1689. Calculate f(-70).
-621
Let j(t) = 105182*t + 736385. Calculate j(-7).
111
Let l(j) = j**2 - 129*j - 465755. Determine l(750).
-5
Let p(i) = -175*i**2 + 58276*i - 88. Determine p(333).
245
Let x(d) = 2902*d + 28735. Give x(-8).
5519
Let l(r) = 32*r**2 + 11341*r - 477167. Calculate l(38).
-1
Let x(d) = -2*d**3 - 96*d**2 + 75*d - 1409. Give x(-49).
-282
Let d(s) = s**3 + 51*s**2 + 71*s - 791. What is d(-49)?
532
Let w(d) = -483*d - 832. Determine w(-2).
134
Let k(y) = -y**3 - 21*y**2 - 41*y - 3328. What is k(-26)?
1118
Let t(b) = -728*b - 18966. Give t(-26).
-38
Let u(t) = 47*t**3 - 1101*t**2 + 392*t + 1554. Give u(23).
-10
Let x(i) = -914*i - 850942. Give x(-931).
-8
Let l(h) = 1391*h**2 - 52*h + 53. Determine l(1).
1392
Let d(a) = -3*a**3 + 193*a**2 + 136*a + 279. Calculate d(65).
669
Let l(f) = 186*f - 13968. Determine l(74).
-204
Let m(q) = q**3 + 20*q**2 + 2889*q - 15037. Give m(5).
33
Let n(s) = s**3 - 27*s**2 + 5*s - 993. Determine n(0).
-993
Let s(q) = 393*q**2 + 718*q + 51. Calculate s(-3).
1434
Let f(n) = 3*n**2 - 40360*n + 161387. Determine f(4).
-5
Let v(c) = c**3 - 15*c**2 - 2971*c + 30214. What is v(10)?
4
Let y(a) = -193*a - 4027. Determine y(-21).
26
Let x(v) = -5936*v - 55381. Give x(-9).
-1957
Let f(w) = 8*w**2 + 12978*w + 1420004. Give f(-118).
-8
Let j(v) = -v**2 + 75*v + 758. Determine j(-9).
2
Let z(x) = 15*x**3 - 258*x**2 + 175*x - 2111. What is z(17)?
-3
Let h(i) = 876*i**3 - 7007*i**2 - 6*i + 23. Give h(8).
39
Let v(x) = -8*x**2 + 57*x - 30. What is v(-2)?
-176
Let g(l) = l**2 + 3325*l + 170101. Determine g(-52).
-95
Let a(u) = -14*u**2 - 191136*u + 573539. Give a(3).
5
Let x(t) = t**2 + 234804*t + 8921094. Calculate x(-38).
-14
Let n(o) = -264*o + 9488. Calculate n(36).
-16
Let l(x) = -149551*x - 10917200. Calculate l(-73).
23
Let x(m) = 77600*m + 4190402. Calculate x(-54).
2
Let r(h) = -3351*h + 6220. Determine r(2).
-482
Let o(v) = 4*v**2 - 12882*v + 64359. Determine o(5).
49
Let h(j) = 6*j**3 - 303*j**2 + 1251*j - 218. What is h(46)?
196
Let n(t) = 3*t**2 + 810*t - 37630. Determine n(-311).
623
Let j(b) = -b**3 + 91*b**2 + 1888*b - 31581. Determine j(106).
7
Let f(x) = -x**2 + 20473*x - 449942. What is f(22)?
-20
Let d(f) = -1842*f + 46122. Calculate d(25).
72
Let m(s) = -27*s**2 + 17637*s - 21569. Determine m(652).
-53
Let q(v) = 4*v**2 + 828*v + 8292. Determine q(-197).
412
Let z(u) = -1461*u + 23330. Calculate z(16).
-46
Let j(d) = 3*d**2 + 32*d - 272. Calculate j(5).
-37
Let z(a) = -2*a**2 + 174*a - 3556. What is z(54)?
8
Let j(c) = -7785*c - 568232. Determine j(-73).
73
Let h(a) = -3*a**3 - 18*a**2 + 117*a + 92. Calculate h(-13).
2120
Let y(b) = -7*b**2 + 4321*b - 282322. Give y(543).
38
Let w(n) = -1271*n + 303766. Give w(239).
-3
Let j(s) = 2*s**2 + 130*s + 62. Calculate j(25).
4562
Let s(z) = -643*z - 5527. Determine s(-17).
5404
Let a(r) = r**3 - 206*r**2 + 3605*r - 9732. What is a(187)?
-8
Let f(k) = 9*k**3 - 541*k**2 - 86*k + 8564. What is f(60)?
-196
Let i(g) = -1817*g - 3590. What is i(-2)?
44
Let w(m) = 6707*m - 7149666. Calculate w(1066).
-4
Let n(f) = 67791*f + 89890864. Give n(-1326).
-2
Let a(g) = 20*g**3 - 445*g**2 + 450*g - 6. What is a(1)?
19
Let d(t) = t**3 + 16*t**2 + 13*t + 217. Give d(-19).
-1113
Let s(c) = -303924*c + 3039265. Give s(10).
25
Let a(j) = 8*j**2 - 268*j + 1736. Determine a(9).
-28
Let b(a) = 8*a**2 - 341*a - 19112. Give b(-32).
-8
Let d(n) = 543*n**2 - 8212*n - 5. Give d(15).
-1010
Let x(v) = -22*v**3 - 55*v**2 + 16*v + 41. What is x(-2)?
-35
Let d(g) = 384712*g + 769414. What is d(-2)?
-10
Let g(t) = -881*t - 10963. What is g(-13)?
490
Let o(y) = -y**3 + 27*y**2 - 101*y - 105. Determine o(22).
93
Let i(c) = -6*c**3 + 44*c**2 - 34*c + 138. Determine i(7).
-2
Let f(m) = 5081*m + 5543376. Give f(-1091).
5
Let s(j) = j**3 + 93*j**2 - 3042*j + 17871. Give s(8).
-1
Let c(v) = 7*v**3 - 5*v**2 + 22*v + 10. Calculate c(6).
1474
Let u(h) = 681*h + 6842. Give u(-7).
2075
Let a(r) = 755*r - 30941. What is a(41)?
14
Let j(r) = -399*r + 21057. What is j(53)?
-90
Let a(i) = -1906*i + 514622. Determine a(270).
2
Let j(c) = 247*c - 97802. What is j(394)?
-484
Let n(p) = -4*p**2 - 408*p + 1455. Determine n(-106).
-241
Let p(a) = -20*a**2 - 931*a - 1365. What is p(-45)?
30
Let u(h) = -10*h**2 - 133*h - 706. Calculate u(-16).
-1138
Let l(t) = -113930*t - 24153160. Determine l(-212).
0
Let p(o) = -1053*o - 130603. Give p(-124).
-31
Let f(s) = 15539*s + 497251. Calculate f(-32).
3
Let g(q) = -2036*q + 66719. Give g(33).
-469
Let p(m) = -33*m + 359. What is p(79)?
-2248
Let j(x) = 45*x**2 - 20331*x - 3972. Calculate j(452).
96
Let t(w) = 7046*w + 281848. What is t(-40)?
8
Let p(